 134*n - 30. What is i(44)?
-118
Let p(u) = 9*u + 8. What is p(9)?
89
Let w(g) = -12*g - 125. Calculate w(-12).
19
Let h(x) = 332*x**2 + 1657*x - 13. Determine h(-5).
2
Let u(b) = b**3 + 15*b**2 + 47*b + 2. What is u(-4)?
-10
Let k(p) = -p**2 + 43*p + 10. Determine k(35).
290
Let j(x) = -1671*x - 15033. What is j(-9)?
6
Let j(p) = 1007*p**2 - 4048*p + 73. Determine j(4).
-7
Let p(l) = l**3 + 10*l**2 - 61*l + 207. Determine p(-15).
-3
Let s(q) = -q**3 + q**2 + 52*q - 44. Calculate s(7).
26
Let g(a) = -8*a**3 + a**2 + 7*a - 6. Give g(1).
-6
Let n(f) = f**3 + 17*f**2 + 45*f - 204. What is n(-12)?
-24
Let x(p) = -2*p**2 - 54*p + 15. Calculate x(-23).
199
Let l(h) = -7*h**2 + 36*h - 7. Give l(5).
-2
Let o(y) = -2*y**3 + 171*y**2 - 84*y - 118. What is o(85)?
-33
Let v(f) = f**3 + 12*f**2 + 6*f - 169. Calculate v(-10).
-29
Let b(g) = 139*g - 17324. Calculate b(125).
51
Let l(k) = 2*k**3 - 7*k**2 - 269*k + 808. Give l(3).
-8
Let v(g) = -g**3 + 31*g**2 + 220*g + 185. What is v(37)?
111
Let q(m) = -m**2 + 1485*m - 20602. Determine q(14).
-8
Let h(k) = k**2 + 8*k - 49. Determine h(13).
224
Let y(r) = -r**2 - 15*r + 108. Determine y(-16).
92
Let o(r) = 44*r + 324. Calculate o(-6).
60
Let z(g) = 132*g + 22711. What is z(-172)?
7
Let u(b) = 5646*b + 62123. Give u(-11).
17
Let k(g) = -5175*g - 51753. Give k(-10).
-3
Let i(x) = 24*x**2 + 7*x + 1. Give i(-3).
196
Let t(s) = -15*s + 2136. Give t(122).
306
Let x(z) = -3572*z + 39292. Determine x(11).
0
Let n(k) = 3*k**2 - 132*k + 280. Determine n(42).
28
Let t(n) = n**2 - 23*n + 112. Determine t(27).
220
Let y(h) = -24*h**2 + 428*h + 427. Determine y(-1).
-25
Let q(y) = -12*y**2 + 519*y + 1567. What is q(-3)?
-98
Let v(l) = 1073*l**2 - 6444*l + 26. Give v(6).
-10
Let p(q) = -916*q - 4543. Give p(-5).
37
Let c(q) = -q**3 - 75*q**2 + 240*q - 36. Determine c(-78).
-504
Let r(l) = -l**3 + 120*l**2 - 353*l + 234. Calculate r(117).
0
Let t(m) = -m**2 - 18*m + 27. Determine t(6).
-117
Let u(z) = 3*z**2 - 24*z - 199. What is u(26)?
1205
Let p(z) = -z**3 + 146*z**2 + 592*z + 1196. Determine p(150).
-4
Let s(n) = -3096*n - 30962. Calculate s(-10).
-2
Let g(z) = 3*z**3 - 39*z**2 - 44*z + 45. Determine g(14).
17
Let d(f) = -72*f + 283. Give d(6).
-149
Let n(m) = 2*m**2 + 111*m + 209. Give n(-2).
-5
Let y(m) = -m**3 - 10*m**2 - 28*m - 11. Give y(-6).
13
Let r(w) = w**3 - 11*w**2 + 4*w + 21. Determine r(11).
65
Let x(k) = 2*k**2 + 149*k + 657. Calculate x(-71).
160
Let c(z) = 4*z**3 + 98*z**2 + 48*z + 6. What is c(-24)?
6
Let k(c) = -32*c - 2401. Calculate k(-74).
-33
Let n(z) = -26*z**2 - 752*z + 17. Determine n(-29).
-41
Let a(i) = 14*i**2 + 250*i - 55. Give a(-18).
-19
Let z(h) = -350*h + 2097. What is z(6)?
-3
Let s(z) = z**3 + 71*z**2 + 215*z + 742. Calculate s(-68).
-6
Let d(u) = 4*u**2 + 63*u + 150. Calculate d(-8).
-98
Let o(i) = -1706*i + 6821. Give o(4).
-3
Let y(c) = -111*c + 49291. Determine y(444).
7
Let l(n) = -n**3 - 6*n**2 + 15*n - 171. What is l(-10)?
79
Let c(t) = t**3 + 78*t**2 + 144*t - 579. What is c(-76)?
29
Let n(v) = -v**3 + 38*v**2 - 32*v - 166. Give n(37).
19
Let a(z) = z**3 + 49*z**2 - 100*z + 79. What is a(-51)?
-23
Let b(q) = 282*q + 2790. Give b(-10).
-30
Let p(s) = 103*s + 2172. Give p(-21).
9
Let q(i) = 1321*i - 9243. What is q(7)?
4
Let l(g) = -g**3 - 67*g**2 - 6*g - 361. Determine l(-67).
41
Let q(v) = -17*v**2 + 31*v - 2. Calculate q(2).
-8
Let h(z) = z**2 + 11*z + 52. Calculate h(-16).
132
Let n(z) = 44*z - 429. Calculate n(10).
11
Let t(v) = -5*v**2 - 12*v + 38. Determine t(2).
-6
Let u(s) = 5913*s + 5919. Give u(-1).
6
Let b(d) = -253*d - 3020. Calculate b(-12).
16
Let s(d) = 2*d**3 + 70*d**2 + 5. Give s(-35).
5
Let t(g) = -14*g**2 - 1159*g + 1161. Give t(1).
-12
Let p(v) = v**3 + 84*v**2 - 644*v - 637. What is p(-91)?
0
Let h(l) = 173*l - 4341. Determine h(25).
-16
Let m(s) = -14*s - 81. What is m(-7)?
17
Let j(r) = r**3 - 110*r**2 + 1934*r + 25. Give j(22).
-19
Let l(s) = -30*s**2 - 269*s - 2. Determine l(-9).
-11
Let a(s) = -29*s - 250. Calculate a(-8).
-18
Let p(o) = -o**3 + 8*o**2 - 7*o + 20. Calculate p(4).
56
Let b(s) = -63*s - 1248. Calculate b(-20).
12
Let r(o) = -4*o**3 + 5*o**2 + 23*o + 16. Calculate r(-2).
22
Let x(w) = 4*w**3 - 2*w**2 + 29*w + 32. What is x(-1)?
-3
Let t(v) = 2*v**2 - 24*v + 15. Calculate t(12).
15
Let b(j) = -1611*j - 35456. What is b(-22)?
-14
Let h(m) = 2*m**3 - 48*m**2 + 35*m + 269. Determine h(23).
16
Let h(y) = y**3 - 6*y**2 - 38*y - 182. What is h(11)?
5
Let u(o) = -o**3 - 27*o**2 - 4*o - 20. Calculate u(-27).
88
Let m(l) = 19*l**2 + 143*l + 534. Give m(-4).
266
Let a(z) = z**2 + 7*z - 3. What is a(-9)?
15
Let j(w) = w**3 - 60*w**2 + 116*w + 113. Determine j(58).
113
Let j(k) = 24380*k + 121900. Calculate j(-5).
0
Let m(i) = 202*i + 4824. What is m(-24)?
-24
Let k(y) = -y**2 - 2*y + 242. Determine k(-14).
74
Let s(n) = -1836*n - 5508. Determine s(-3).
0
Let n(l) = -l**3 - 63*l**2 + 132*l + 270. What is n(-65)?
140
Let i(y) = y**2 + 523*y - 4784. Give i(9).
4
Let q(x) = -8*x**2 + 1590*x - 1192. Calculate q(198).
-4
Let r(s) = 387*s - 7719. What is r(20)?
21
Let s(y) = y**3 + 123*y - 5. Give s(0).
-5
Let x(l) = l**3 - 12*l**2 - 131*l + 1511. What is x(10)?
1
Let c(f) = f**3 + 305*f**2 + 1204*f - 22. Calculate c(-301).
-22
Let k(j) = -27*j - 295. What is k(-12)?
29
Let q(t) = 2*t**3 - 114*t**2 + t - 58. What is q(57)?
-1
Let k(x) = -x**3 + 112*x**2 + 128*x - 1688. Determine k(113).
7
Let f(l) = l**3 + 16*l**2 + 43*l - 17. Give f(-12).
43
Let v(r) = -68*r - 19. What is v(-5)?
321
Let j(f) = 5*f**2 + 312*f + 131. Calculate j(-62).
7
Let q(r) = -r**2 - 73*r. Give q(0).
0
Let r(f) = f**3 + 79*f**2 + 1287*f - 61. Give r(-56).
-5
Let x(a) = 58*a + 325. Calculate x(-7).
-81
Let d(a) = -273*a + 1365. Calculate d(5).
0
Let y(u) = -16*u**3 + 6*u**2 - u - 16. Calculate y(-2).
138
Let h(k) = 8*k + 38. Determine h(-5).
-2
Let p(t) = -t**2 + 11*t + 412. What is p(24)?
100
Let q(l) = l**2 - 304*l + 2055. What is q(7)?
-24
Let a(f) = -294*f + 2951. Calculate a(10).
11
Let z(v) = 748*v + 2268. Determine z(-3).
24
Let h(n) = n**3 + 27*n**2 - 198*n + 37. Determine h(-33).
37
Let i(b) = 90*b**2 - 1780*b - 409. Calculate i(20).
-9
Let d(u) = -68*u - 29. What is d(0)?
-29
Let s(p) = p**3 + 29*p**2 - 2*p + 67. Determine s(-29).
125
Let i(a) = a**3 - 47*a**2 - 100*a + 235. Give i(49).
137
Let c(t) = -t**3 + 2*t**2 + 14*t - 13. Calculate c(0).
-13
Let z(h) = 132*h + 658. Calculate z(-5).
-2
Let l(y) = 7*y**3 + 99*y**2 + 16*y - 32. Calculate l(-14).
-60
Let u(l) = 5*l - 277. Determine u(18).
-187
Let a(x) = 94*x + 2444. Determine a(-26).
0
Let d(o) = -26*o - 706. Calculate d(-26).
-30
Let q(m) = -165*m - 252. Calculate q(-6).
738
Let x(n) = -n**2 + 75*n - 356. Give x(70).
-6
Let u(m) = -49*m**3 + 7*m**2 - 3. Determine u(1).
-45
Let s(r) = r**3 + 4*r**2 - 2*r + 10. Give s(-5).
-5
Let k(x) = x**3 - 6*x**2 + 2*x + 15. Calculate k(4).
-9
Let z(w) = 240*w - 14894. Calculate z(62).
-14
Let z(w) = -2*w**3 - 82*w**2 - 77*w + 24. Determine z(-40).
-96
Let i(r) = r**3 - 8*r**2 + 32*r - 164. Calculate i(10).
356
Let q(k) = -309*k**3 + 4*k**2 + 5*k + 1. Give q(-1).
309
Let q(x) = -x**3 + x**2 + 6*x + 340. Determine q(0).
340
Let p(a) = 30*a + 1656. What is p(-55)?
6
Let m(l) = -6*l + 879. Calculate m(146).
3
Let g(l) = -14*l**2 - l - 18. Determine g(-3).
-141
Let g(t) = 1384*t + 11023. Determine g(-8).
-49
Let w(y) = y**3 - 7*y**2 + 27*y - 9. Give w(4).
51
Let u(x) = x**3 + 18*x**2 - 359*x + 23. Give u(-30).
-7
Let a(k) = 103*k**3 - k**2 - 2*k. Determine a(-1).
-102
Let q(u) = -66*u - 258. Give q(-4).
6
Let i(x) = x**3 - 48*x**2 - 54*x + 220. Give i(49).
-25
Let y(v) = -166*v + 2832. Give y(17).
10
Let f(o) = 4*o**2 - 101*o - 127. Determine f(29).
308
Let j(a) = a**2 - 54*a - 1121. What is j(-16)?
-1
Let s(a) = a**3 - a**2 - 23*a + 8. Calculate s(0).
8
Let s(h) = -h + 34. Calculate s(53).
-19
Let o(t) = t**2 + 250*t + 10931. What is o(-56)?
67
Let i(n) = 2*n**3 - 53*n**2 + 262*n - 90. Calculate i(6).
6
Let r(x) = -x**2 + 382*x - 10901. What is r(31)?
-20
Let c(u) = 2*u**3 + 50*u**2 - u + 35. Determine c(-25).
60
Let k(i) = -i**3 - 6*i**2 - 4*i + 9. Give k(-7).
86
Let v(t) = t**3 - 20*t**2 - 13*t - 103. Determine v(21).
65
Let y(h) = -210*h - 56918. Determine y(-271).
-8
Let c(q) = 3*q**3